- 38, 0 = 5*f - 20. List the prime factors of (-385)/d - 2/6.
2, 3
Let i(z) = z**3 + 10*z**2 + 16*z - 9. Let t be i(-7). Let f(m) = -m**2 + 5*m - 2. Let x be f(6). List the prime factors of t/(-3)*12/x.
13
What are the prime factors of 4*(-4)/(-32)*60?
2, 3, 5
Let c = 12 + -7. Suppose l = c*g + 14, 5*l + 4*g = 11 + 1. Suppose -l*j + 6 = -j. What are the prime factors of j?
2
Suppose -2*q + 51 = h, 43 = q - h - 2*h. Let x = q + -13. List the prime factors of (-4)/((-12)/x) + -1.
2
List the prime factors of (174/(-8))/(33/(-264)).
2, 3, 29
Suppose -x + 3*m = 9, 3*x + 5 = 4*m - 2. List the prime factors of -1*32/(-6)*x.
2
Suppose 2*a = 6*a + 8, 5*m + 15 = -5*a. Let x(h) = 11*h**2 - h - 1. List the prime factors of x(m).
11
Let o(r) = r**2 + 2*r. What are the prime factors of o(-5)?
3, 5
Let a(r) = -6*r + 3. Let m be a(-4). List the prime factors of ((-5)/(-15))/(1/m).
3
Let d(t) = t + 2. Let s be d(-2). Let h(z) = -z + 1. Let r be h(-1). Suppose 4*i = s, r*i + 14 = 2*a - 0*i. List the prime factors of a.
7
Let w be (3 + (-1 - 1))*3. Suppose 0 = -w*t + 34 - 13. What are the prime factors of t?
7
Let t(n) = 3*n**3 + n**2. Let k be t(1). Suppose -v = -4*g - 1, -k*v = -v + 2*g - 45. List the prime factors of v.
13
Suppose 3*i = -g + 19, 2*g + 3 - 21 = 4*i. What are the prime factors of g?
13
Let l(a) = -4*a + 12. Let f(z) = -7*z + 23. Let h(m) = -6*f(m) + 11*l(m). What are the prime factors of h(-10)?
2, 7
Let m = 1 - -2. Suppose 0 = m*g - 6 - 3. List the prime factors of g.
3
Let b(l) = -5*l**2 + 1. Let c be b(-2). Let p = -39 + 78. Let x = p + c. List the prime factors of x.
2, 5
Let q = -37 - -22. Let n = q - -35. List the prime factors of n.
2, 5
List the prime factors of (-356)/(0 - 2) + -4 + 6.
2, 3, 5
Suppose 0 = b - 1 - 3. Suppose -b*f + 68 = -h, -76 = -4*f + 4*h - 5*h. List the prime factors of f.
2, 3
Let t = -4 - -6. Let r = -2 - t. Let m = -1 - r. List the prime factors of m.
3
Let f be (-1 - (2 + -1)) + 52. Suppose -q = -4*d + 3*q + 56, -4*d + q + f = 0. List the prime factors of d.
2, 3
What are the prime factors of -1 + (12/(-4) - -14)?
2, 5
Suppose -12 = -0*h - 3*h. Suppose h*u + 2 = 26. What are the prime factors of u?
2, 3
List the prime factors of 126/7 - (-4 + 1).
3, 7
Let l(f) = -18*f - 12. Let q(y) = 6*y + 4. Let k(v) = -2*l(v) - 7*q(v). What are the prime factors of k(-5)?
2, 13
Let h = -88 - -411. What are the prime factors of h?
17, 19
Suppose m = -m + 3*y + 175, -5*m + 2*y + 454 = 0. List the prime factors of m.
2, 23
Suppose -6*a + 33 = -255. What are the prime factors of a?
2, 3
Let i = 55 - -48. What are the prime factors of i?
103
Suppose l - 40 = 57. What are the prime factors of l?
97
Let b(n) = 3*n**3 - 3*n**3 - 5*n**3 - n**2. Let q be b(-1). Suppose 0 = q*y - 7*y - 4*t + 40, 2*y - t - 23 = 0. List the prime factors of y.
2, 3
Let q(d) = -d**3 + 9*d**2 + 11*d - 28. What are the prime factors of q(9)?
71
Let v(s) = -s**3 - 6*s**2 + 10*s + 5. Let c be v(-7). Let q = 33 + c. List the prime factors of q.
17
Let q = 18 - 9. Suppose -k - 2*k + q = 0. What are the prime factors of (16/3)/(k/9)?
2
Suppose -d + 4*l + 23 = 9*l, 5*d + 5 = 5*l. List the prime factors of d.
3
Suppose -5*j - 4*s + 13 = 0, 2*j + 5*s + 2 = -3. Suppose 38 = j*p - 27. List the prime factors of p.
13
Suppose 0 = -6*z + 4*z + 26. What are the prime factors of z?
13
Suppose 0 = -3*n - 3, -12*c + 8*c + 657 = 3*n. List the prime factors of c.
3, 5, 11
Suppose 0 = 5*l - 4*s - 46, -3*s - 36 = -6*l + 2*l. Suppose v = -3*a - 14, -2*v - 4*a - l = -7*v. Let h = v + 11. What are the prime factors of h?
3
Let t = -103 + 162. List the prime factors of t.
59
List the prime factors of 34/(-4 - (-18)/4).
2, 17
Let s(w) = -25*w**3 - w**2 + 1. List the prime factors of s(-1).
5
Suppose s + 3*s - 6 = q, 3*q - 8 = -s. Suppose 0 = q*v - 7 - 33. What are the prime factors of v?
2, 5
Let z = 292 + -52. List the prime factors of z.
2, 3, 5
Suppose 5*b = 4*s - 2*s + 6, 0 = -2*s + 3*b - 2. Suppose -h + 2*h = 0. Let v = s + h. List the prime factors of v.
2
Suppose 4*w = 142 + 14. Suppose -2*d + w = d. List the prime factors of d.
13
Let w = 0 + -2. Let r(i) be the first derivative of -i**4/2 - 2*i**3/3 + i**2/2 - i + 1. What are the prime factors of r(w)?
5
Suppose 811 + 17 = 6*t. What are the prime factors of t?
2, 3, 23
Suppose 2*c - 5 = -3. What are the prime factors of (3 - c)/(4/38)?
19
List the prime factors of (40/3)/(9/27).
2, 5
Let t(b) = b**3 + 2*b**2 - b + 15. What are the prime factors of t(5)?
5, 37
Let k(y) = -99*y - 5. What are the prime factors of k(-1)?
2, 47
Suppose -4*f = -13 - 3, 4*n + 3*f = 32. Suppose -2*q - 14 + 55 = -n*r, -q - 4*r + 40 = 0. Suppose u - q = -u. What are the prime factors of u?
2, 7
Let n(i) = i**2 + 9*i + 8. Let c be n(-6). Let d be (-4)/(-4)*1*-4. Let h = d - c. What are the prime factors of h?
2, 3
Let t(f) = -f + 16. What are the prime factors of t(-8)?
2, 3
Let y(d) = 13*d - 4. Let f be y(4). Suppose 0 = -4*l - k + f, -k + 24 = 2*l - 0*l. What are the prime factors of l?
2, 3
Let s(b) = -b**3 - 7*b**2 - 7*b - 9. Let l(i) = -6*i**2. Let q be l(-1). Let j be s(q). Let d(t) = -t**3 - 3*t**2 - 4*t - 4. What are the prime factors of d(j)?
2
Suppose -14 = -5*h + 3*h. Let k = -5 + h. List the prime factors of k.
2
List the prime factors of 5 + 3*6/9.
7
Let g(a) = -a**3 + 5*a**2 + 2*a + 4. Let t be g(4). Let q = -64 + 67. Suppose -z + t = q*z. What are the prime factors of z?
7
Let b = -4 + 6. Let t = 0 + b. What are the prime factors of t?
2
Let h(p) = p**2 - 1. Let u be h(2). Suppose -5*o = 5*z - 35, 0*z + o + u = 4*z. Suppose -z*b + t + 1 = 0, 4*b - 14 = -3*t + t. List the prime factors of b.
2
Let j(w) = -270*w + 1. What are the prime factors of j(-1)?
271
Let h(i) = -2 - i**3 - 2*i**2 + 3*i + 3*i**2 - 1 + 4*i**2. Let o = 4 + 1. List the prime factors of h(o).
2, 3
Let j(k) = k**2 - 7*k + 3. Let g be j(7). What are the prime factors of 36/10 - g/5?
3
Suppose 0 = -2*b - g - 36, 2*b - 2*g + 36 = 3*g. List the prime factors of (b - 5)/(1*-1).
23
Let s(z) = 4*z - 3. What are the prime factors of s(8)?
29
Let u(a) = 2*a**3 + 18*a**2 - 14*a - 30. What are the prime factors of u(-9)?
2, 3
Let u = 1 + -5. Let l = 0 - u. Suppose -5*j = -l*x - 73, 2*j - x + 2*x = 37. List the prime factors of j.
17
Suppose -3*x - 47 = -5*s, 4*s = 3*x - 2*x + 32. Suppose -h = -0*h - 2. Suppose -s*j = -h*j - 75. What are the prime factors of j?
3, 5
Suppose 6*a - 4*n = 3*a + 83, -57 = -2*a + n. List the prime factors of a.
29
Let c = 4 + 3. Suppose 2*n - c - 7 = 0. List the prime factors of n.
7
Suppose -4*l - 3*b = l + 30, -4*b - 30 = 5*l. Let m = 11 + l. What are the prime factors of m?
5
Let y = 64 - 39. Suppose 4*b = 5 - 1. Suppose -b = 4*p - y. What are the prime factors of p?
2, 3
Suppose 0 = -5*t + 7*t - 228. Suppose 3*n = -24 + t. List the prime factors of n.
2, 3, 5
Suppose 4*a - 16 - 16 = 2*z, -2*a - z = -12. Let w = a - -42. What are the prime factors of w?
7
Suppose -3*w + 570 = 5*h, -h + 4*w - 214 = -3*h. List the prime factors of h.
3, 13
Let a be ((-1)/1)/(1/(-6)). Suppose x = -0 - a. What are the prime factors of (8/x)/((-2)/18)?
2, 3
Let r(b) = -b**2 - 2. Let g be r(0). What are the prime factors of (g/3)/((-4)/30)?
5
Let v be (-28)/(-7) + (-1 - 1). Let t = 0 + 2. What are the prime factors of 2 + 1*v/t?
3
Let m = -3 + 6. Suppose m*w - 52 = -13. What are the prime factors of w?
13
Let z(u) = 2*u**2 + u - 1. Let a be z(-2). Suppose -a*y = -21 + 6. Suppose 3*j + y*s - 66 = 0, -3*s = -4*j - j + 78. List the prime factors of j.
2, 3
Suppose -14*h = -9*h - 90. List the prime factors of h.
2, 3
Let w(n) = 5*n**3 - n**2 + n + 1. Let t be w(-1). Let v(i) = -i + 3. List the prime factors of v(t).
3
Let h(f) = -20*f**2 + f - 1. Let u be h(1). Let b = 31 + u. List the prime factors of b.
11
Let c = 0 - -2. Let r(y) = 2 + y**2 + 0*y**c - 1. List the prime factors of r(3).
2, 5
Let t(s) = s**3 + 5*s**2 - 2*s + 5. Let o be t(-5). Let m be (-2)/3*o/(-2). What are the prime factors of (m/(-15))/((-1)/12)?
2
Let t(r) = 3*r**3 + 3*r**2 + 5*r - 3. List the prime factors of t(4).
257
Let v be ((-18)/(-4))/(3/(-6)). Let s = v - -14. Let i = 8 - s. List the prime factors of i.
3
Let o(s) = s + 64. What are the prime factors of o(-21)?
43
List the prime factors of 61/(